 Let r = -14 - c. What is the remainder when 49 is divided by r?
15
Suppose -3*i + 2*o + 2*o + 24 = 0, 54 = 4*i + 2*o. What is the remainder when 22 is divided by i?
10
Suppose -2*r + 10 = -c, 2*r - 2*c - 11 = r. Suppose -r*w - v = -6, 5*v = -3*w + 5*w - 4. Suppose -2*o = -8*o + 24. What is the remainder when o is divided by w?
0
Let c = -34 + 51. What is the remainder when c is divided by 9?
8
Let y(l) = -5*l + 2. Let f be y(6). What is the remainder when ((-14)/2)/(1/(-3)) is divided by f/(-3)*(-24)/(-28)?
5
Let a be ((-7)/(-21))/((-1)/6). Let p = 18 - a. Calculate the remainder when 57 is divided by p.
17
Suppose 4*y - 113 = 279. Calculate the remainder when y is divided by 26.
20
Let t(f) = f - 2. Let s be t(6). Suppose 0 = 2*o - 4*o + s. What is the remainder when 6 is divided by o?
0
Suppose 10*a - 160 = -0*a. Calculate the remainder when a is divided by 3.
1
Suppose 202 = 4*s + 74. What is the remainder when s is divided by 9?
5
Suppose -q - 5 = -32. What is the remainder when q is divided by 6?
3
Suppose -5*p - 3*r + 82 = 0, -2*p + 16 = -r - 8. Suppose 239 = 5*z - 301. Suppose -2*j + z = 2*j. What is the remainder when j is divided by p?
13
Let h(c) = 5*c - 29. What is the remainder when 58 is divided by h(12)?
27
Let o = 0 - 0. Suppose -z - 2*z + 72 = o. Let h = z + -11. Calculate the remainder when 37 is divided by h.
11
Let u(w) = 102*w - 1. Let g be u(2). Suppose g = -2*k - 3*t, -3*k - 2*k - 3*t - 512 = 0. What is the remainder when 29 is divided by k/(-7) - 6/(-21)?
14
Suppose 2*h - 1 = 3. Let f be h + (-2 - 12/(-3)). Suppose -39 = -7*p + f*p. What is the remainder when 25 is divided by p?
12
Suppose 0 = 2*j - 7*j + 55. Let a = -25 - -55. Calculate the remainder when a is divided by j.
8
Suppose 0 = -3*l + 10 - 4. Suppose -19 = -l*y + 2*n + n, -3*n + 15 = 0. Let w = 80 - 48. Calculate the remainder when w is divided by y.
15
Let u(r) be the first derivative of 3*r**2/2 - 12*r + 2. What is the remainder when 22 is divided by u(8)?
10
Suppose 0 = 7*q - 9*q. Suppose -3*y + 30 + 0 = q. What is the remainder when 18 is divided by y?
8
Let q(k) = -5*k + 150. Let z be ((-4)/(-3))/((-4)/(-54)). Suppose 0 = -2*j + h - 2*h + z, -5*j - h + 42 = 0. What is the remainder when j is divided by q(29)?
3
Suppose y + 78 = 4*y. Let o(n) = n**2 + 4*n - 14. Let w(f) = -f**2 - 6*f. Let v be w(-7). Calculate the remainder when y is divided by o(v).
5
Let k(q) = -q**2 + 5*q - 2. What is the remainder when 13 is divided by k(3)?
1
Suppose -4*r - 12 = -4. Let a be 114/(-10)*(r - 3). Suppose 3*y = -0*y + a. Calculate the remainder when y is divided by 10.
9
Let h = 10 + 9. Calculate the remainder when 92 is divided by h.
16
Let g(p) = 2*p**2 - 4*p - 3. Calculate the remainder when g(6) is divided by 6.
3
Let u be (-4)/5*15/3. Let b(r) = -r**3 - 5*r**2 - 5*r - 2. Let k = -12 - -16. What is the remainder when k is divided by b(u)?
0
Let w = 134 - 89. What is the remainder when w is divided by 12?
9
Suppose -23 - 7 = -r. Suppose -d = d + 2*k - r, k = -2*d + 26. Calculate the remainder when d is divided by 3.
2
Suppose -3*h + 0*h = -123. Calculate the remainder when h is divided by 14.
13
Let n = 45 + -19. Let i = -2 + -3. Calculate the remainder when n is divided by (-6)/i*225/30.
8
Let q(r) = -12*r - 1. What is the remainder when q(-1) is divided by 8?
3
Let u = 0 - -16. Let o = 9 - 24. Calculate the remainder when u is divided by (-138)/o + (-5)/25.
7
Suppose 0*m - 40 = -5*m. Suppose 125 = 13*j - 8*j. Suppose -w = 4*w - j. Calculate the remainder when m is divided by w.
3
Suppose 3*k + 3*y - 7*y - 12 = 0, -3*k - y = -12. Suppose 0 = k*g + 9 + 15. Let h = 49 - g. What is the remainder when h is divided by 19?
17
Let x = 25 + -41. Suppose -5*w = -w + 3*s - 137, -4*s - 20 = 0. Let g = x + w. What is the remainder when g is divided by 12?
10
Let v(g) = 13*g. Let i = -7 + 8. Let b = -3 - -41. Calculate the remainder when b is divided by v(i).
12
Let r be (2/5)/((-1)/(-10)). Let u = 22 - r. Suppose -3*w - 7 = -n, -3*n + 38 = n - 2*w. What is the remainder when u is divided by n?
8
Let k = -401 + 424. Let r = 8 - 0. Calculate the remainder when k is divided by r.
7
Let m(j) = 44*j**3 - j**2 - 2*j + 3. Calculate the remainder when m(1) is divided by 16.
12
Suppose -5*b = -2*a - 195, 2*b + 3*a = b + 22. Calculate the remainder when b is divided by 13.
11
Suppose 3*r - 159 - 81 = 0. Let y be (117/15)/(2/r). Suppose 4*z - 316 = -4*n, 0 = 4*z - 4*n + 6*n - y. Calculate the remainder when z is divided by 26.
25
Let c = -9 + 12. Calculate the remainder when 39 is divided by (-4)/(-2) - (-24)/c.
9
Let p be (-7 - -3)/(-4)*3. Suppose -23 = -p*j + 22. What is the remainder when j is divided by 4?
3
Let f = 1 + 1. Suppose -g - 4*x + 2 = -8, -5*x = -f*g + 33. What is the remainder when g is divided by 8?
6
What is the remainder when (6/12)/(1/278 - 0) is divided by 47?
45
Let f be 4/(16/(-405))*-4. Suppose 2*k = -3*k + f. What is the remainder when k is divided by 21?
18
Suppose 0 = f + 3*f - 3*t + 15, -4*t = -20. Let c = 37 - f. What is the remainder when c is divided by 13?
11
Let f(j) = 2*j - 6. Let q be f(4). Suppose 4*m - 88 = q*m. Calculate the remainder when m is divided by 15.
14
Let r be 18 + 0 + 0/(-1). Suppose -15 = -5*v, -i + 3*v = 7*v - 10. What is the remainder when 17 is divided by (r/21)/(i/(-14))?
5
Suppose 14 = 2*p - 4*d, -d - 21 = -0*p - 4*p. Suppose -o + 2*o - 20 = -2*h, p*h - 5*o - 50 = 0. Calculate the remainder when h is divided by 3.
1
Let v = -25 - -32. Let g(n) = -7 + 7*n**2 + 9*n - n**3 - n**2 + 1. Calculate the remainder when g(v) is divided by 5.
3
Suppose 0 = 3*z - 3*v - 66, 4*v - 25 = -v. What is the remainder when z is divided by 11?
5
Suppose -3*q + 0*q = -3. Suppose 11 = -2*h - q. Let a = h + 59. What is the remainder when a is divided by 18?
17
Suppose -20*t + 21*t - 82 = 0. Calculate the remainder when t is divided by 21.
19
Let n(p) = p**2 + 20. Let q be n(0). Suppose -3*i - q = -5*h - 79, 4*i + 2*h = 44. Calculate the remainder when i is divided by 7.
6
Suppose 0 = p - 2*p. Let z be (-2 - p)*-1 - 2. Suppose z*o - 3*o = -168. What is the remainder when o is divided by 19?
18
Let l(x) = x**3 + 7*x**2 + 5*x + 4. Calculate the remainder when 29 is divided by l(-6).
9
Suppose -37 = o - 2*o + 5*k, 5*o + k - 55 = 0. Calculate the remainder when 16 is divided by o.
4
Suppose -c + 4*c = -2*u + 63, u + c - 31 = 0. What is the remainder when u is divided by 8?
6
Suppose t = -2, 3*y + 3*t = 2 + 34. Let p(q) = -q + 9. Let r be p(0). What is the remainder when (-6)/4*(-240)/r is divided by y?
12
Let b(p) = 44*p - 1. Let d be b(1). Let k = d - 31. What is the remainder when (-2)/8 - 705/(-20) is divided by k?
11
Suppose 2*y - 30 = -0*y + 2*o, 5*y + 2*o - 47 = 0. What is the remainder when 21 is divided by y?
10
Suppose -i + 3*t - 18 = 0, -2*i - 31 = -4*t - t. What is the remainder when 36 is divided by i + (16 - (1 + -1))?
10
Suppose 0 = 5*u + w - 104 + 34, 4*u - 2*w = 70. What is the remainder when u is divided by 4?
3
Let f(a) = -65*a - 12. Let k(i) = -11*i - 2. Let b(x) = -6*f(x) + 34*k(x). Calculate the remainder when b(3) is divided by 1/((1/(-18))/(-1)).
16
Suppose -2*o + 10 = 2. What is the remainder when 13 is divided by o?
1
Calculate the remainder when 52 is divided by 710/25 + (-2)/5.
24
Let l = -45 + 80. Calculate the remainder when l is divided by 14.
7
Let p(b) = b**2 - 6*b - 3. Calculate the remainder when p(-4) is divided by 10.
7
Let r = 42 + -24. Calculate the remainder when r is divided by 5.
3
Suppose -t + 0*t = 0. Let n = 2 - t. What is the remainder when (-222)/(-10) + n/(-10) is divided by 12?
10
Let y = 0 - -6. Suppose 2*j - 3 - 7 = -5*l, 5*j - 91 = 4*l. Calculate the remainder when j is divided by y.
3
Let c = -82 - -95. Suppose 0*p + 123 = 3*p + 4*i, -4*p + 5*i + 195 = 0. Suppose -7 + p = f. Calculate the remainder when f is divided by c.
12
Let x = 32 - 19. Calculate the remainder when x is divided by 8.
5
Let r = -18 - -23. Suppose 0 = 2*w + r*k - 17, 2*w - w - 15 = 4*k. What is the remainder when w is divided by (-22)/(-6) + (-2)/(-6)?
3
Let r(g) = -5*g - 3. Let k be r(3). Calculate the remainder when (-1*(-8)/(-1))/(-1) is divided by (1*2)/(k/(-27)).
2
Suppose -3*g + 4*g = 3*j - 18, -9 = -3*j + 4*g. Suppose 5 = 5*o + 3*p